5170404?
4
What is the hundred thousands digit of 2224660?
2
What is the units digit of 200420?
0
What is the hundreds digit of 530305?
3
What is the millions digit of 42003642?
2
What is the ten thousands digit of 380264?
8
What is the hundreds digit of 897168?
1
What is the thousands digit of 894996?
4
What is the thousands digit of 66826?
6
What is the millions digit of 5481959?
5
What is the thousands digit of 15461581?
1
What is the tens digit of 1015329?
2
What is the tens digit of 2223485?
8
What is the tens digit of 7402136?
3
What is the thousands digit of 353079?
3
What is the hundreds digit of 3149164?
1
What is the thousands digit of 236556?
6
What is the ten thousands digit of 4402976?
0
What is the tens digit of 4780799?
9
What is the hundred thousands digit of 505933?
5
What is the ten thousands digit of 342304?
4
What is the units digit of 145073?
3
What is the millions digit of 1408547?
1
What is the hundreds digit of 579315?
3
What is the units digit of 9267688?
8
What is the hundred thousands digit of 241602?
2
What is the tens digit of 9047012?
1
What is the thousands digit of 2727857?
7
What is the hundreds digit of 117220?
2
What is the hundreds digit of 17598679?
6
What is the hundreds digit of 2819045?
0
What is the hundred thousands digit of 263478?
2
What is the hundred thousands digit of 3812729?
8
What is the hundreds digit of 211267?
2
What is the tens digit of 785084?
8
What is the tens digit of 227395?
9
What is the thousands digit of 623371?
3
What is the millions digit of 15050709?
5
What is the ten thousands digit of 472623?
7
What is the hundred thousands digit of 1071028?
0
What is the hundred thousands digit of 7826782?
8
What is the hundred thousands digit of 1020621?
0
What is the ten thousands digit of 334159?
3
What is the thousands digit of 2423079?
3
What is the hundreds digit of 11927060?
0
What is the thousands digit of 996305?
6
What is the hundred thousands digit of 323495?
3
What is the units digit of 2884695?
5
What is the hundred thousands digit of 6386299?
3
What is the tens digit of 248984?
8
What is the thousands digit of 298957?
8
What is the tens digit of 1338567?
6
What is the hundred thousands digit of 21476622?
4
What is the units digit of 707434?
4
What is the tens digit of 198561?
6
What is the thousands digit of 1254450?
4
What is the tens digit of 6134867?
6
What is the tens digit of 22933271?
7
What is the millions digit of 3997488?
3
What is the ten thousands digit of 33582340?
8
What is the thousands digit of 1885645?
5
What is the thousands digit of 1761103?
1
What is the tens digit of 5848823?
2
What is the thousands digit of 27435?
7
What is the tens digit of 19538?
3
What is the units digit of 3937848?
8
What is the hundred thousands digit of 298996?
2
What is the tens digit of 136899?
9
What is the hundreds digit of 1705276?
2
What is the thousands digit of 1769263?
9
What is the tens digit of 8629201?
0
What is the hundred thousands digit of 6023279?
0
What is the units digit of 97397?
7
What is the hundred thousands digit of 124898?
1
What is the thousands digit of 359607?
9
What is the hundred thousands digit of 542994?
5
What is the hundred thousands digit of 372393?
3
What is the tens digit of 3237141?
4
What is the hundreds digit of 2722714?
7
What is the units digit of 1545867?
7
What is the hundred thousands digit of 312574?
3
What is the ten thousands digit of 5870351?
7
What is the hundred thousands digit of 4181373?
1
What is the tens digit of 298489?
8
What is the tens digit of 6722072?
7
What is the tens digit of 4316781?
8
What is the millions digit of 6621189?
6
What is the ten thousands digit of 11637064?
3
What is the thousands digit of 183580?
3
What is the hundreds digit of 43470?
4
What is the hundred thousands digit of 190394?
1
What is the thousands digit of 3287059?
7
What is the tens digit of 374613?
1
What is the hundreds digit of 355370?
3
What is the thousands digit of 360963?
0
What is the units digit of 1596738?
8
What is the tens digit of 2055354?
5
What is the units digit of 334535?
5
What is the units digit of 11946977?
7
What is the ten thousands digit of 1511064?
1
What is the hundred thousands digit of 670013?
6
What is the hundred thousands digit of 1634757?
6
What is the hundred thousands digit of 316134?
3
What is the tens digit of 5673459?
5
What is the units digit of 1772568?
8
What is the hundred thousands digit of 1996243?
9
What is the thousands digit of 700076?
0
What is the thousands digit of 297875?
7
What is the hundred thousands digit of 446689?
4
What is the thousands digit of 185926?
5
What is the hundred thousands digit of 409732?
4
What is the ten thousands digit of 3192916?
9
What is the tens digit of 2125985?
8
What is the ten thousands digit of 1095353?
9
What is the tens digit of 729602?
0
What is the hundred thousands digit of 993888?
9
What is the tens digit of 209211?
1
What is the tens digit of 665800?
0
What is the hundreds digit of 715038?
0
What is the thousands digit of 4633?
4
What is the hundred thousands digit of 715689?
7
What is the units digit of 731795?
5
What is the tens digit of 1231576?
7
What is the hundreds digit of 3780850?
8
What is the units digit of 199367?
7
What is the thousands digit of 265407?
5
What is the hundred thousands digit of 3154875?
1
What is the ten thousands digit of 1989032?
8
What is the hundred thousands digit of 1082002?
0
What is the tens digit of 2119721?
2
What is the units digit of 288977?
7
What is the millions digit of 8377807?
8
What is the hundreds digit of 25817021?
0
What is the hundreds digit of 279566?
5
What is the hundreds digit of 472777?
7
What is the ten thousands digit of 4782202?
8
What is the tens digit of 3803627?
2
What is the units digit of 18734902?
2
What is the hundred thousands digit of 41976661?
9
What is the hundreds digit of 364065?
0
What is the tens digit of 11510052?
5
What is the units digit of 1882048?
8
What is the tens digit of 49846?
4
What is the hundreds digit of 8202781?
7
What is the units digit of 62887?
7
What is the thousands digit of 3211244?
1
What is the units digit of 249315?
5
What is the hundred thousands digit of 770932?
7
What is the hundreds digit of 637632?
6
What is the ten thousands digit of 9232669?
3
What is the tens digit of 1934535?
3
What is the ten thousands digit of 231179?
3
What is the units digit of 425371?
1
What is the ten thousands digit of 65791?
6
What is the hundreds digit of 832140?
1
What is the units digit of 149672?
2
What is the ten thousands digit of 4267826?
6
What is the hundred thousands digit of 139995?
1
What is the hundred thousands digit of 7834857?
8
What is the thousands digit of 3981935?
1
What is the thousands digit of 1502668?
2
What is the ten thousands digit of 6896664?
9
What is the tens digit of 229842?
4
What is the hundreds digit of 278437?
4
What is the millions digit of 3683979?
3
What is the tens digit of 20491965?
6
What is the thousands digit of 27674404?
4
What is the hundreds digit of 939137?
1
What is the hundred thousands digit of 889237?
8
What is the units digit of 1313613?
3
What is the hundreds digit of 31554?
5
What is the hundreds digit of 4935488?
4
What is the thousands digit of 23652766?
2
What is the tens digit of 453369?
6
What is the millions digit of 6662995?
6
What is the hundreds digit of 334164?
1
What is the ten thousands digit of 3057737?
5
What is the hundred thousands digit of 5298141?
2
What is the thousands digit of 4308941?
8
What is the tens digit of 800620?
2
What is the ten thousands digit of 181552?
8
What is the millions digit of 1081007?
1
What is the hundreds digit of 1094669?
6
What is the units digit of 593539?
9
What is the hundred thousands digit of 9008283?
0
What is the hundreds digit of 2398267?
2
What is the tens digit of 13235341?
4
What is the tens digit of 86876?
7
What is the units digit of 525936?
6
What is the thousands digit of 5471?
5
What is the ten thousands digit of 509203?
0
What is the units digit of 100486?
6
What is the hundred thousands digit of 845716?
8
What is the hundreds digit of 22943521?
5
What is the units digit of 93975?
5
What is the tens digit of 4180811?
1
What is the ten thousands digit of 2011398?
1
W